n be (3*(-1)/3)/(-2). Let k(g) be the first derivative of 1 + 8/3*g**3 - n*g**2 + g. Give k(1).
8
Suppose 0 = -t + 7 + 16. Let h(k) = t*k - 12*k - 12*k + 1. What is h(0)?
1
Suppose -13*d - 24 = -d. Let o(l) = -l - 3. What is o(d)?
-1
Let n(a) = -7*a**2 + 11*a + 8. Let x(t) = t**2 - t - 1. Let i(l) = -n(l) - 6*x(l). Let s be 5*(-1 - 18/(-10)). Suppose -2*c + s*c - 10 = 0. Give i(c).
-2
Let o(d) = -3*d**3 + 4*d**3 + 1 + 2. Suppose 0 = -t - 4*b, -t - 3*t = -4*b. Give o(t).
3
Suppose 9 - 33 = 4*c. Let q(r) = -r**3 - 7*r**2 - 5*r + 8. Calculate q(c).
2
Let o(y) = y**3 + 4*y**2 - 6*y - 6. Let g be (18/(-4))/((-11)/(-22)). Let u be 10/(-20) - g/(-2). Calculate o(u).
-1
Let g(o) = -o**2 - 4*o + 1. Suppose -4*s + 55 = 5*k, 2*s + 5*k = 3*k + 28. Suppose c - s = 4*c. What is g(c)?
-4
Let c(l) = 0*l + 5*l - 5*l + l. Calculate c(6).
6
Let t(q) = 3*q - 1. Let m be 2 - (-2 - 0 - -8). Calculate t(m).
-13
Suppose -z = -2*s + 41 + 19, 0 = 5*z. Let p be 4/(-16) + s/(-8). Let m = p - -9. Let x(f) = -2*f + 1. Calculate x(m).
-9
Let s = -10 + 15. Suppose -w - s = 4*w. Let n(a) be the first derivative of -5*a**2/2 - 2. What is n(w)?
5
Let y(w) = 2 - 1 - 9 + 2*w + 3. Let g = 28 - 19. Let s = g - 5. Give y(s).
3
Let k(h) = 3 + 0*h - 3*h + 4*h. Let y be -1*(-3 + (-4 - -2)). Calculate k(y).
8
Let m(d) be the first derivative of d**4/4 - 7*d**3/3 - d**2/2 + 4*d + 6. Calculate m(7).
-3
Suppose 3*z - 4*p + 13 = 2*z, 22 = 2*z + 4*p. Let r(c) = 7*c - 2. What is r(z)?
19
Let r be (3 - 4/1*1)*1. Let q(i) = -8*i**2 - 1. Determine q(r).
-9
Let g be ((-15)/4)/(3/(-8)). Let o(u) = -u**2 + 10*u + 8. Determine o(g).
8
Let v(u) = 7*u**3 + 21*u**2 - 19*u + 6. Let d(c) = 3*c**3 + 10*c**2 - 9*c + 3. Let n(l) = -9*d(l) + 4*v(l). Calculate n(3).
-15
Let q(r) = r**3 + 3*r**2 + 2*r - 1. Suppose 3 = -n + 2*n. Let m(i) = -i**2 + 6*i - 4. Let f be m(n). Suppose -f*t - 4*p - 8 = 7, -5*p = -2*t - 6. What is q(t)?
-7
Suppose -9 = 3*d - 3. Let n(g) be the first derivative of -g**7/840 - g**6/360 + g**4/12 - 4*g**3/3 + 5. Let i(t) be the third derivative of n(t). Give i(d).
6
Suppose 2*q - q = 2*a + 5, 2*q = 3*a + 8. Let l(v) be the second derivative of 0 + 1/6*v**4 - 1/3*v**3 - 2*v - 9/20*v**5 + 1/2*v**2. What is l(q)?
-8
Let c(a) = -a**2 - a + 3. Let w be 0*(-2)/(6/(-3)). Determine c(w).
3
Let n = 57 - 55. Let p(v) be the first derivative of 1 + 1/3*v**3 - 1/4*v**4 + 2*v + 1/2*v**n. Calculate p(2).
0
Let b(p) be the first derivative of -6*p - 1/3*p**3 - 5/2*p**2 - 4. Calculate b(-4).
-2
Let f(n) = 15*n - 1. Let u(t) = 2*t**2 + 14*t - 8. Let q(a) = 6*a**2 + 43*a - 24. Let i(o) = 3*q(o) - 8*u(o). Let h be i(-9). Give f(h).
14
Let v(u) be the second derivative of u**5/20 - u**2/2 - 65*u. Determine v(-2).
-9
Let o(n) = -7*n + 9. Let p(v) = 3*v - 4. Let t(x) = -4*o(x) - 9*p(x). What is t(-3)?
-3
Suppose 2*b - 3*b + 19 = -3*t, 4*t + 37 = 3*b. Let w(g) = g**3 - 8*g**2 + 9*g - 2. Calculate w(b).
12
Suppose 0 = -2*y - 0*y - 2*u, 3*y = -u + 2. Let x(i) = 8*i**2 + i. What is x(y)?
9
Let r(x) = -x - 1. Suppose -4 = -4*i + 2*z, -7*i = -4*i - z - 4. Give r(i).
-3
Let a(x) be the second derivative of -1/12*x**4 - 5/2*x**2 + x + 1/2*x**3 + 0. Suppose 7*h = 2*h + 20. What is a(h)?
-9
Let z(p) be the second derivative of p**4/12 + p**3/2 + 3*p**2 - p - 1. Determine z(-6).
24
Suppose 6*z + 2 = 38. Let q(s) = 3*s**3 - 7*s**2 + 8*s + 6. Let p(j) = 4*j**3 - 7*j**2 + 9*j + 7. Let v(b) = 2*p(b) - 3*q(b). Determine v(z).
-4
Suppose 3*k + 3 + 15 = 0. Let v be k/12*(-1 + -17). Suppose 0*a - 3*a + v = 0. Let f(i) = -i + 3. Calculate f(a).
0
Let n(i) = 3*i + 5. Suppose -4 = -4*o - 0*o, -10 = -3*p - 4*o. Let m(h) = -3*h + h**p + 0*h**2 - 2*h. Let g be m(4). What is n(g)?
-7
Let k = -5 - -7. Let o(a) = a + 1. Let z(d) = d + 2. Let v(m) = 6*o(m) - 3*z(m). Give v(k).
6
Let w(z) = z**3 + z**2 - z. Let r be 2 + -4 + 1 + -1. What is w(r)?
-2
Suppose 8*f - 3*f = x + 1, 5*f = -3*x + 17. Let h(y) = -3*y**3 + y**3 - y + 3*y**3 + 42*y**2 - 46*y**2. Give h(x).
-4
Let g = 6 + -13. Let h(f) = -f**2 - 9*f - 10. Let p be h(g). Suppose 2*x + 0 = p. Let u(j) = 3*j + 1. Give u(x).
7
Let a = -10 - -4. Let d be 2 - (-2 - -5) - a. Let p(m) = -3*m + 3. What is p(d)?
-12
Suppose -g + 5*c + 14 = 3*c, -c - 13 = -2*g. Let u(h) = 2*h**2 - 3 - g*h - h**2 + 1. Suppose -5*v = -v - 16. Give u(v).
-2
Let d(i) = 2*i - 1. Let u(n) = -5*n + 3. Let t(f) = 11*d(f) + 4*u(f). Let o be (1/(-3))/(2/(-12)). What is t(o)?
5
Let a be (-56)/(-35) - (-2)/5. Suppose -5*r + a*k = 10, 0 = 2*k - 3*k. Let g(l) = l**2 - 3*l - 3. Determine g(r).
7
Let a be -1 + 2 - (-35)/7. Let x = 1 - a. Let f(o) = o**3 + 4*o**2 - 7*o - 7. What is f(x)?
3
Let f(v) = v - 1. Let x be (1 + -2)*(-2 - -3). Let q(o) = o - 1. Let c(g) = x*q(g) + 2*f(g). Determine c(-4).
-5
Let g(p) = -21 + 6 - p + 4 + 5. What is g(0)?
-6
Let p(h) be the second derivative of 2*h**3/3 - h**2 - 14*h. Determine p(3).
10
Let i = -6 - 0. Let z be (-9)/i - 18/4. Let c(m) = 4*m + 3. Calculate c(z).
-9
Let a(d) = 1. Let j(u) = u - 1. Suppose 7 = 2*k + v - 0, -4*v + 22 = 5*k. Let o(x) = k*j(x) + 4*a(x). Suppose -3 = 2*h + 1. Calculate o(h).
-2
Let j(l) = 31*l**2 - 26*l**2 + 3*l + 4 + 2*l - l**3. Let t = -7 - -13. Give j(t).
-2
Let m(i) = -2*i**3 - 2*i**2 + 2*i + 1. Let q(b) = -b**2 + 8*b - 14. Let k be q(6). What is m(k)?
5
Let o(g) be the second derivative of 5*g**4/12 + g**3/3 + g**2/2 + 8*g. Calculate o(-1).
4
Suppose -3*p = 3*u + 12, 2*p - 6*p + 24 = -4*u. Let z(w) = -2*w - p - 7*w**2 + 8*w**2 - 1 + 0*w. What is z(2)?
-2
Let i(l) = l - 6. Suppose -4*u = 29 + 11. Let z be (-4 + 28/8)*u. Give i(z).
-1
Let d(w) = -w**2 + 9*w - 8. Let j be d(6). Let h be (-87)/(-9) + 2/(-3). Let m(s) = -j + 2 + h - s**2. Calculate m(-3).
-8
Suppose -3*y - i - 4*i - 6 = 0, -y + 4*i = 2. Let g be (-2 - 0 - y)/1. Let q = g - -4. Let w(a) = -a**3 + 3*a**2 + 5*a - 3. Determine w(q).
1
Let c(f) be the second derivative of -1/2*f**4 + 0 - 5/2*f**2 + 2*f + f**3 + 1/20*f**5. Give c(5).
0
Let w(l) = -l**2 + 4*l**2 - 3*l - 2*l**2 - 2. Suppose 2*x = 4*x + 8. Let v be 3 - (-9)/(-3) - x. Calculate w(v).
2
Let i(w) = -6*w**3 - 8*w**2. Let s(n) = -n**2. Suppose -2*z + z - 8 = 0. Let q(u) = z*s(u) + i(u). Give q(1).
-6
Let z(i) be the first derivative of -i**4/4 - 4*i**3/3 - i - 1. Let b be (12/30)/(2/(-20)). What is z(b)?
-1
Let f(m) be the second derivative of m**5/60 + m**4/24 - m**3 + 4*m**2 - 6*m. Let d(r) be the first derivative of f(r). Calculate d(0).
-6
Let b(l) = -l - 2. Let j(y) = 3. Let z(n) = 6*b(n) + 4*j(n). What is z(-1)?
6
Let o(y) be the second derivative of y**3/6 - 11*y**2/2 + 3*y. What is o(8)?
-3
Let c(d) = d + 2. Let f be c(0). Suppose 0 = -f*g + 4 - 12. Let u(b) be the first derivative of -b**4/4 - b**3 + 3*b**2/2 - 2*b - 1. What is u(g)?
2
Let l(i) = -i**2 + 5. Let a(v) = -2*v**2 - v + 10. Let t(f) = -2*a(f) + 5*l(f). Determine t(4).
-3
Let z(c) be the third derivative of -c**4/24 + c**3/3 - 10*c**2. What is z(-4)?
6
Let l(a) = -a - 4. Let x(u) = -2*u + 4. Let s be x(3). Let v be s/(-3) - (-48)/9. Let z be 0/v*(-1)/(-2). Give l(z).
-4
Let l(d) = d**2 + 5*d - 5. Let v(f) = -f**2 - 4*f + 6. Let k(c) = 6*l(c) + 5*v(c). Give k(-10).
0
Let j(a) = -7*a - a**2 - 1 + a**3 + 5 - 4*a**2. What is j(6)?
-2
Let c(g) = g + 3. Let n(j) = -2*j - 5. Let v(y) = -5*c(y) - 2*n(y). Give v(-10).
5
Let a = 2 - -1. Let l(y) = a - 2*y + y + 0*y. Give l(0).
3
Let c(g) be the third derivative of -g**4/24 - 9*g**2. Give c(-1).
1
Let i(z) = 3*z - 1. Let g(o) = o**2 - 9*o - 3. Let y be (1/(-3))/(2/(-138)). Suppose -3*c + y = -4. Let r be g(c). What is i(r)?
-10
Let y(o) be the third derivative of -o**5/60 - 5*o**4/24 - o**3/3 - 11*o**2. What is y(-5)?
-2
Let v be (-5 - -4)*-4 + 0. Let w(p) = -p**3 + 5*p**2 - 7*p + 6. Calculate w(v).
-6
Let m(y) be the second derivative of y**3/6 - 2*y. Let k(w) = w**2 + 9*w + 17. Let c be k(-5). Calculate m(c).
-3
Let r(l) be the first derivative of l**4/24 + 7*l**3/6 - l**2 - 2. Let m(t) be the second derivative of r(t). Determine m(-6).
1
Let b(a) = -a + 4. Let c(w) = w - 5. Let v(l) = -5*b(l) - 4*c(l). Let y(n) = -8*n + 1. Let t(o) = -6*v(o) - y(o). Determine t(1).
1
Let v(n) be the third derivative of 0 + 0*n**3 + 1/60*n**5 + 1/24*n**4 + n**2 + 0*n + 1/40*n**6. Determine v(-1).
-3
Let j(h) = h + 11. Let u(t) = -t**2 - 9*t - 